{"id":1545,"date":"2025-03-29T15:29:21","date_gmt":"2025-03-29T12:29:21","guid":{"rendered":"http:\/\/karakoyymm.com\/?page_id=1545"},"modified":"2025-03-29T15:30:42","modified_gmt":"2025-03-29T12:30:42","slug":"diger-hizmetler-2","status":"publish","type":"page","link":"https:\/\/karakoyymm.com\/?page_id=1545","title":{"rendered":"Di\u011fer Hizmetler"},"content":{"rendered":"\t\t<div data-elementor-type=\"wp-page\" data-elementor-id=\"1545\" class=\"elementor elementor-1545\">\n\t\t\t\t<div class=\"elementor-element elementor-element-406176c e-flex e-con-boxed e-con e-parent\" data-id=\"406176c\" data-element_type=\"container\">\n\t\t\t\t\t<div class=\"e-con-inner\">\n\t\t<div class=\"elementor-element elementor-element-b0a69fe e-con-full e-flex e-con e-child\" data-id=\"b0a69fe\" data-element_type=\"container\">\n\t\t\t\t<div class=\"elementor-element elementor-element-bfdd5a5 elementor-widget elementor-widget-text-editor\" data-id=\"bfdd5a5\" data-element_type=\"widget\" data-widget_type=\"text-editor.default\">\n\t\t\t\t<div class=\"elementor-widget-container\">\n\t\t\t\t\t\t\t\t\t<p>Muhasebe, Vergi Hukuku ve Di\u011fer Mali Mevzuat Alanlar\u0131nda E\u011fitim Hizmetleri, Mali Mevzuatta Yap\u0131lan D\u00fczenleme ve De\u011fi\u015fiklikler Hakk\u0131nda Sirk\u00fcler Yoluyla G\u00fcncel Bilgilendirme Hizmeti<\/p><p>\u00a0<\/p><ul class=\"wp-block-list\"><li>Muhasebe Sistemi Kurulumu ve Geli\u015ftirilmesi,<\/li><li>Vergi Hukuku ve Di\u011fer Mali Mevzuat Alanlar\u0131nda E\u011fitim Hizmetleri,<\/li><li>Mali Mevzuatta Yap\u0131lan D\u00fczenleme ve De\u011fi\u015fiklikler Hakk\u0131nda Sirk\u00fcler Yoluyla G\u00fcncel Bilgilendirme Hizmeti<\/li><\/ul>\t\t\t\t\t\t\t\t<\/div>\n\t\t\t\t<\/div>\n\t\t\t\t<\/div>\n\t\t<div class=\"elementor-element elementor-element-b46ba08 e-con-full e-flex e-con e-child\" data-id=\"b46ba08\" data-element_type=\"container\">\n\t\t\t\t<div class=\"elementor-element elementor-element-103ad7d elementor-widget elementor-widget-image\" data-id=\"103ad7d\" data-element_type=\"widget\" data-widget_type=\"image.default\">\n\t\t\t\t<div class=\"elementor-widget-container\">\n\t\t\t\t\t\t\t\t\t\t\t\t\t\t\t<img fetchpriority=\"high\" decoding=\"async\" width=\"1024\" height=\"768\" src=\"https:\/\/karakoyymm.com\/wp-content\/uploads\/2025\/03\/879f82a48a2440dea6b0def06847e828_cssbcn5e878c73a7uah0_image.png\" class=\"attachment-large size-large wp-image-1445\" alt=\"\" srcset=\"https:\/\/karakoyymm.com\/wp-content\/uploads\/2025\/03\/879f82a48a2440dea6b0def06847e828_cssbcn5e878c73a7uah0_image.png 1024w, https:\/\/karakoyymm.com\/wp-content\/uploads\/2025\/03\/879f82a48a2440dea6b0def06847e828_cssbcn5e878c73a7uah0_image-300x225.png 300w, https:\/\/karakoyymm.com\/wp-content\/uploads\/2025\/03\/879f82a48a2440dea6b0def06847e828_cssbcn5e878c73a7uah0_image-768x576.png 768w, https:\/\/karakoyymm.com\/wp-content\/uploads\/2025\/03\/879f82a48a2440dea6b0def06847e828_cssbcn5e878c73a7uah0_image-1000x750.png 1000w, https:\/\/karakoyymm.com\/wp-content\/uploads\/2025\/03\/879f82a48a2440dea6b0def06847e828_cssbcn5e878c73a7uah0_image-230x173.png 230w, https:\/\/karakoyymm.com\/wp-content\/uploads\/2025\/03\/879f82a48a2440dea6b0def06847e828_cssbcn5e878c73a7uah0_image-350x263.png 350w, https:\/\/karakoyymm.com\/wp-content\/uploads\/2025\/03\/879f82a48a2440dea6b0def06847e828_cssbcn5e878c73a7uah0_image-480x360.png 480w\" sizes=\"(max-width: 1024px) 100vw, 1024px\" \/>\t\t\t\t\t\t\t\t\t\t\t\t\t\t\t<\/div>\n\t\t\t\t<\/div>\n\t\t\t\t<\/div>\n\t\t\t\t\t<\/div>\n\t\t\t\t<\/div>\n\t\t\t\t<\/div>\n\t\t","protected":false},"excerpt":{"rendered":"<p>Muhasebe, Vergi Hukuku ve Di\u011fer Mali Mevzuat Alanlar\u0131nda E\u011fitim Hizmetleri, Mali Mevzuatta Yap\u0131lan D\u00fczenleme ve De\u011fi\u015fiklikler Hakk\u0131nda Sirk\u00fcler Yoluyla G\u00fcncel Bilgilendirme Hizmeti [&hellip;]<\/p>\n","protected":false},"author":1,"featured_media":0,"parent":0,"menu_order":0,"comment_status":"closed","ping_status":"closed","template":"","meta":{"footnotes":""},"class_list":["post-1545","page","type-page","status-publish","hentry"],"_links":{"self":[{"href":"https:\/\/karakoyymm.com\/index.php?rest_route=\/wp\/v2\/pages\/1545","targetHints":{"allow":["GET"]}}],"collection":[{"href":"https:\/\/karakoyymm.com\/index.php?rest_route=\/wp\/v2\/pages"}],"about":[{"href":"https:\/\/karakoyymm.com\/index.php?rest_route=\/wp\/v2\/types\/page"}],"author":[{"embeddable":true,"href":"https:\/\/karakoyymm.com\/index.php?rest_route=\/wp\/v2\/users\/1"}],"replies":[{"embeddable":true,"href":"https:\/\/karakoyymm.com\/index.php?rest_route=%2Fwp%2Fv2%2Fcomments&post=1545"}],"version-history":[{"count":4,"href":"https:\/\/karakoyymm.com\/index.php?rest_route=\/wp\/v2\/pages\/1545\/revisions"}],"predecessor-version":[{"id":1549,"href":"https:\/\/karakoyymm.com\/index.php?rest_route=\/wp\/v2\/pages\/1545\/revisions\/1549"}],"wp:attachment":[{"href":"https:\/\/karakoyymm.com\/index.php?rest_route=%2Fwp%2Fv2%2Fmedia&parent=1545"}],"curies":[{"name":"wp","href":"https:\/\/api.w.org\/{rel}","templated":true}]}}