{"id":1377,"date":"2025-03-18T22:29:53","date_gmt":"2025-03-18T19:29:53","guid":{"rendered":"http:\/\/karakoyymm.com\/?page_id=1377"},"modified":"2025-03-29T14:45:34","modified_gmt":"2025-03-29T11:45:34","slug":"vergi-ve-tasdik-hizmetleri-2","status":"publish","type":"page","link":"https:\/\/karakoyymm.com\/?page_id=1377","title":{"rendered":"Vergi ve Tasdik Hizmetleri"},"content":{"rendered":"<h2><\/h2>\n<h2 class=\"wp-block-heading\"><\/h2>\n<h2 class=\"wp-block-heading\"><\/h2>\n<p>Tasdik, ger\u00e7ek veya t\u00fczel ki\u015filerin veya bunlar\u0131n te\u015febb\u00fcs ve i\u015fletmelerinin yeminli mali m\u00fc\u015favirlerce denetleme ilke ve standartlar\u0131na g\u00f6re uygunluk y\u00f6n\u00fcnden incelenmesi, bu inceleme sonu\u00e7lar\u0131na dayan\u0131larak tasdik kapsam\u0131na giren konular\u0131n ve belgelerin ger\u00e7e\u011fi yans\u0131t\u0131p yans\u0131tmad\u0131\u011f\u0131n\u0131n imza ve m\u00fch\u00fcr kullanmak suretiyle tespiti ve rapora ba\u011flanmas\u0131d\u0131r.<\/p>\n<h2><\/h2>\n<ul class=\"wp-block-list\">\n<li>Gelir ve Kurumlar Vergisi Beyannamelerinin Tasdiki<\/li>\n\n<li>Katma De\u011fer Vergisi \u0130adesi<\/li>\n\n<li>Yat\u0131r\u0131mlara \u0130li\u015fkin Vergi te\u015fvikleri<\/li>\n\n<li>Vergi Muafiyeti ve \u0130stisna Uygulamalar\u0131<\/li>\n\n<li>\u00d6TV \u0130ade ve Mahsup \u0130\u015flemleri<\/li>\n\n<li>Ar-Ge ve Tasar\u0131m Te\u015fvikleri<\/li>\n\n<li>Stok De\u011ferlemeleri<\/li>\n\n<li>Kredi Kurumlar\u0131 i\u00e7in Kredi Verilebilirli\u011fe \u0130li\u015fkin Uygulamalar<\/li>\n\n<li>Di\u011fer Te\u015fvik, \u0130stisna ve Muafiyetlerle ilgili \u0130\u015flemler<\/li>\n\n<li>Di\u011fer Beyanname ve Mali Tablolar\u0131n Tasdiki<\/li>\n\n<li>Mevzuat\u0131n Yeminli Mali M\u00fc\u015favirlerce Yap\u0131lmas\u0131na \u0130zin Verdi\u011fi Her T\u00fcrl\u00fc Tasdik Hizmetleri<\/li>\n<\/ul>\n<h2><\/h2>\t\t\n\t\t\t\t\t\t\t\t\t\t\t\t\t\t\t<img fetchpriority=\"high\" decoding=\"async\" width=\"515\" height=\"592\" src=\"https:\/\/karakoyymm.com\/wp-content\/uploads\/2025\/03\/th.png\" alt=\"\" srcset=\"https:\/\/karakoyymm.com\/wp-content\/uploads\/2025\/03\/th.png 515w, https:\/\/karakoyymm.com\/wp-content\/uploads\/2025\/03\/th-261x300.png 261w, https:\/\/karakoyymm.com\/wp-content\/uploads\/2025\/03\/th-230x264.png 230w, https:\/\/karakoyymm.com\/wp-content\/uploads\/2025\/03\/th-350x402.png 350w, https:\/\/karakoyymm.com\/wp-content\/uploads\/2025\/03\/th-480x552.png 480w\" sizes=\"(max-width: 515px) 100vw, 515px\" \/>","protected":false},"excerpt":{"rendered":"","protected":false},"author":1,"featured_media":0,"parent":0,"menu_order":0,"comment_status":"closed","ping_status":"closed","template":"","meta":{"footnotes":""},"class_list":["post-1377","page","type-page","status-publish","hentry"],"_links":{"self":[{"href":"https:\/\/karakoyymm.com\/index.php?rest_route=\/wp\/v2\/pages\/1377","targetHints":{"allow":["GET"]}}],"collection":[{"href":"https:\/\/karakoyymm.com\/index.php?rest_route=\/wp\/v2\/pages"}],"about":[{"href":"https:\/\/karakoyymm.com\/index.php?rest_route=\/wp\/v2\/types\/page"}],"author":[{"embeddable":true,"href":"https:\/\/karakoyymm.com\/index.php?rest_route=\/wp\/v2\/users\/1"}],"replies":[{"embeddable":true,"href":"https:\/\/karakoyymm.com\/index.php?rest_route=%2Fwp%2Fv2%2Fcomments&post=1377"}],"version-history":[{"count":15,"href":"https:\/\/karakoyymm.com\/index.php?rest_route=\/wp\/v2\/pages\/1377\/revisions"}],"predecessor-version":[{"id":1464,"href":"https:\/\/karakoyymm.com\/index.php?rest_route=\/wp\/v2\/pages\/1377\/revisions\/1464"}],"wp:attachment":[{"href":"https:\/\/karakoyymm.com\/index.php?rest_route=%2Fwp%2Fv2%2Fmedia&parent=1377"}],"curies":[{"name":"wp","href":"https:\/\/api.w.org\/{rel}","templated":true}]}}